ine n(13).
37
Let j(f) = 20*f**3 + f**2 - 6*f - 4. Calculate j(2).
148
Let d(p) = 6*p + 35. Give d(-16).
-61
Let m(d) = 144*d - 66. Determine m(1).
78
Let v(y) = -y**2 - 1444*y - 14313. Determine v(-10).
27
Let i(o) = 4*o + 124. Determine i(17).
192
Let m(w) = 653*w + 7163. Determine m(-11).
-20
Let x(g) = 11*g + 106. Give x(-11).
-15
Let d(f) = 4*f**2 + 5*f - 12. Give d(4).
72
Let s(l) = l**3 - 15*l**2 - 112*l + 3. Give s(21).
297
Let b(m) = 2*m**3 - 5*m**2 + 107*m - 340. Determine b(3).
-10
Let c(q) = 15*q**2 - 7*q + 9. Calculate c(1).
17
Let b(g) = 11*g**2 - 183*g + 10. Give b(17).
78
Let y(u) = 183*u - 605. What is y(5)?
310
Let f(y) = 6*y - 81. What is f(10)?
-21
Let n(m) = -3*m**2 + 79*m - 365. What is n(5)?
-45
Let a(s) = -198*s. What is a(0)?
0
Let z(r) = 47*r - 1886. Give z(35).
-241
Let f(l) = -l**3 - 18*l**2 - 54*l - 214. Calculate f(-16).
138
Let y(v) = -v**3 + 12*v**2 - 693*v + 9180. Calculate y(13).
2
Let f(x) = 2*x**3 + 13*x**2 + 11*x + 14. Determine f(-6).
-16
Let g(p) = -605*p - 1878. Give g(-3).
-63
Let h(d) = -d**2 - 2*d - 69. Determine h(-12).
-189
Let t(q) = -10*q**2 - 18*q + 258. Give t(-6).
6
Let x(c) = -c**2 - 402*c - 26003. Give x(-81).
-2
Let n(w) = -6*w**3 + 165*w**2 + 113*w - 809. Determine n(28).
3
Let y(j) = -j**3 - j**2 - 2*j + 1. Give y(-2).
9
Let g(j) = 2*j**3 - 80*j**2 + 48*j - 1895. Calculate g(40).
25
Let r(f) = -35*f**3 + 3*f + 4. Give r(-1).
36
Let r(f) = -233*f**3 + 3*f**2 - 3*f + 1. Calculate r(1).
-232
Let f(n) = 413*n + 12815. What is f(-31)?
12
Let q(y) = y**3 + 103*y**2 - 11*y - 1182. What is q(-103)?
-49
Let z(s) = -21*s - 21. Determine z(-11).
210
Let n(j) = -j**3 + 45*j**2 + 58*j - 630. Calculate n(46).
-78
Let m(p) = 22*p**2 - 5*p - 8. Determine m(-2).
90
Let d(k) = 21*k**3 + 1429*k**2 + 65*k - 181. What is d(-68)?
23
Let f(l) = -18*l**2 + 101*l + 3. Calculate f(4).
119
Let m(g) = -2*g**2 + 62*g - 415. Calculate m(21).
5
Let t(a) = a**3 + 67*a**2 + 128*a + 8584. Determine t(-67).
8
Let l(x) = -x**2 - 57*x + 156. Give l(-60).
-24
Let d(c) = c**3 + 18*c**2 + 30*c + 155. Calculate d(-14).
519
Let i(m) = 551*m - 2180. Calculate i(4).
24
Let b(u) = 16*u - 303. Determine b(20).
17
Let p(f) = 1739*f + 69554. Determine p(-40).
-6
Let s(d) = -d**3 + 10*d**2 - 38*d + 156. What is s(8)?
-20
Let g(l) = -l**3 - 52*l**2 + 223*l - 61. Give g(-56).
-5
Let o(m) = 2*m**2 - 234*m + 1168. What is o(5)?
48
Let t(j) = -2*j**2 - 133*j - 839. Calculate t(-7).
-6
Let p(n) = -13*n + 154. What is p(0)?
154
Let h(p) = 166*p + 16277. Calculate h(-98).
9
Let x(d) = -7*d - 64. Give x(20).
-204
Let k(q) = -q**3 + 14*q**2 - 29*q + 22. Determine k(5).
102
Let x(p) = -15*p**3 - p**2 - 4*p. What is x(2)?
-132
Let t(k) = -k**3 - 42*k**2 - 211*k + 134. Determine t(-36).
-46
Let l(r) = -2*r**3 + 6*r**2 - 9*r - 8. Give l(5).
-153
Let n(y) = y**3 - 6*y**2 - 45*y + 5. Determine n(10).
-45
Let j(u) = u**2 - 8*u + 26. What is j(-8)?
154
Let s(c) = c**3 + 3*c**2 - 73*c + 1. Determine s(6).
-113
Let o(p) = 61*p**3 + 4*p**2 - 12*p + 8. Determine o(1).
61
Let l(d) = d**3 - d**2 - 43*d + 97. Give l(6).
19
Let r(z) = 31*z**2 + 14*z - 4. Calculate r(-2).
92
Let p(w) = w**2 - 227*w + 9210. Determine p(174).
-12
Let i(o) = -o**3 - 10*o**2 + 9*o + 159. Determine i(-9).
-3
Let s(g) = -2*g**2 - 2266*g + 9096. What is s(4)?
0
Let o(x) = -x**3 - 6*x**2 + 36*x + 141. Determine o(-6).
-75
Let z(a) = 2*a**3 - 21*a**2 + 72*a - 138. Determine z(8).
118
Let w(a) = 6460*a + 32280. Give w(-5).
-20
Let w(g) = 10453*g + 31348. What is w(-3)?
-11
Let t(r) = 2*r**3 + 17*r**2 + 6*r + 4. Determine t(-9).
-131
Let a(l) = l**2 - 3*l - 43. What is a(-6)?
11
Let i(w) = -w**3 + 25*w**2 - 145*w - 121. What is i(14)?
5
Let u(i) = 77*i + 2093. Calculate u(-27).
14
Let o(m) = 4809*m + 14375. Give o(-3).
-52
Let j(h) = -h**2 + 17*h - 54. What is j(4)?
-2
Let o(z) = -10*z - 39. Determine o(6).
-99
Let u(k) = 4*k + 46. Give u(-12).
-2
Let j(s) = -46*s - 238. Give j(-5).
-8
Let t(c) = c**3 - 6*c**2 - 4*c + 23. Calculate t(6).
-1
Let g(w) = -w**2 + 126*w + 2586. Calculate g(-18).
-6
Let b(x) = 5*x**2 + 14*x - 33. Determine b(-5).
22
Let i(y) = 6*y + 58. What is i(2)?
70
Let o(l) = 66*l - 1416. Calculate o(21).
-30
Let i(w) = -w**3 + 17*w**2 - 24*w - 2. What is i(16)?
-130
Let v(i) = -217*i + 654. Calculate v(3).
3
Let i(a) = 318*a - 5285. What is i(16)?
-197
Let z(r) = -r**2 + 19*r - 190. What is z(20)?
-210
Let i(m) = 16*m - 21. Determine i(5).
59
Let i(c) = 53*c - 22. Give i(-1).
-75
Let o(s) = -802*s**2 + 794*s - 1. Give o(1).
-9
Let b(y) = -68*y - 37. Give b(0).
-37
Let m(p) = -131*p - 1747. What is m(-13)?
-44
Let v(p) = p**3 + 9*p**2 - 49*p - 426. What is v(-8)?
30
Let x(u) = 3*u**2 + 318*u - 7123. Give x(19).
2
Let b(z) = -125*z - 155. Calculate b(2).
-405
Let f(y) = 11*y**3 + 2*y**2 - 3*y - 4. Calculate f(-2).
-78
Let i(c) = c**3 + 23*c**2 - c - 30. Determine i(-23).
-7
Let d(o) = -3*o**2 - 392*o + 138. What is d(-131)?
7
Let b(y) = -25*y - 713. Give b(-38).
237
Let k(w) = 99*w - 786. Determine k(8).
6
Let b(s) = s**3 + 68*s**2 + 142*s + 649. What is b(-66)?
-11
Let u(h) = 96*h - 865. Calculate u(9).
-1
Let m(d) = d**3 + 13*d**2 - 8*d - 20. Give m(-13).
84
Let l(u) = 61*u**2 + 16*u + 14. What is l(-1)?
59
Let y(b) = -192*b + 15941. Calculate y(83).
5
Let b(i) = 353*i**3 - 5*i**2 - 5*i. Calculate b(-1).
-353
Let u(r) = 16*r + 138. What is u(-12)?
-54
Let t(q) = -132*q - 5136. What is t(-39)?
12
Let m(q) = q**3 + 22*q**2 - q + 64. Calculate m(-22).
86
Let t(z) = 4*z**2 - 15*z - 1445. Determine t(21).
4
Let f(q) = -4*q**3 + 37*q**2 - 60. What is f(9)?
21
Let z(f) = -f**3 - 12*f**2 + 425*f + 5104. Determine z(-12).
4
Let t(o) = -387*o - 391. Determine t(-1).
-4
Let t(c) = 11*c - 674. Determine t(58).
-36
Let l(q) = -479*q - 23005. Calculate l(-48).
-13
Let f(s) = s**3 + 10*s**2 - 26*s + 6. Determine f(-11).
171
Let y(h) = 22*h**3 + 244*h**2 + 246*h + 1. Calculate y(-1).
-23
Let b(u) = 11*u - 138. Determine b(10).
-28
Let i(d) = -215*d - 4484. Calculate i(-21).
31
Let x(o) = -51*o - 120. Give x(-2).
-18
Let g(y) = -30*y**2 + 18*y + 29. Calculate g(-2).
-127
Let x(n) = -n**2 + 6*n + 315. Calculate x(19).
68
Let f(w) = 679*w**3 - 4*w**2 - 6*w. Determine f(-1).
-677
Let r(m) = 1167*m - 119033. Calculate r(102).
1
Let d(s) = -139*s + 3089. Determine d(22).
31
Let q(r) = -4*r**3 - 11*r**2 + 36*r + 4. What is q(2)?
0
Let v(i) = i**3 - 33*i**2 + 213*i + 20. Give v(9).
-7
Let z(x) = -105*x - 711. Give z(-7).
24
Let b(l) = -l**2 + 12*l - 238. Calculate b(14).
-266
Let l(s) = 4*s**3 - 9*s**2 + 378*s - 1151. What is l(3)?
10
Let f(i) = -212*i + 235. Calculate f(1).
23
Let d(w) = 3*w**2 - 52*w + 183. Give d(5).
-2
Let l(t) = 24*t**2 + 1486*t - 103. Determine l(-62).
21
Let f(y) = y**3 + 6*y**2 + 46*y + 283. Determine f(-6).
7
Let t(a) = 28*a**2 + 951*a - 25. Determine t(-34).
9
Let v(d) = d**3 - d**2 + 3. Give v(0).
3
Let x(b) = 45*b + 699. Calculate x(-16).
-21
Let g(m) = -6*m**2 + 124*m - 79. Determine g(20).
1
Let c(n) = 79*n**2 + 318*n - 1. Calculate c(-4).
-9
Let i(x) = -x**3 - 12*x**2 - 9*x - 7. Give i(0).
-7
Let n(p) = -14*p - 524. What is n(-17)?
-286
Let v(h) = -4*h**2 - 6*h - 5. What is v(1)?
-15
Let f(j) = -8*j**2 + 40*j + 5. Give f(7).
-107
Let z(m) = m**3 - 8*m**2 - 66*m + 538. Give z(9).
25
Let s(y) = -y**2 + 36*y - 55. Determine s(29).
148
Let v(d) = -404*d**2 + 400*d + 3. Calculate v(1).
-1
Let w(j) = -6*j**2 - 24*j + 15. Calculate w(-5).
-15
Let l(z) = -4*z**2 - 5*z - 154. Determine l(-11).
-583
Let o(r) = 47*r + 707. Calculate o(-15).
2
Let s(w) = -2*w**3 + 3*w - 4. What is s(2)?
-14
Let w(c) = -368*c - 10284. Give w(-28).
20
Let o(h) = -h**3 - 14*h**2 - 16*h - 61. Give o(-11).
-248
Let j(t) = 2*t**3 - 45*t**2 - 185*t + 115. What is j(26)?
37
Let d(x) = -35*x + 332. Determine d(8).
52
Let y(i) = -i**3 - 60*i**2 + 57*i - 226. Calculate y(-61).
18
Let k(c) = -c**2 - 555*c - 47263. What is k(-450)?
-13
Let v(s) = -s**3 - 75*s**2 - 1272*s + 55. Give v(-26).
3
Let v(y) = 28*y - 373. Give v(12).
-37
Let u(y) = y**3 - 17*y**2 - 674*y + 191. Calculate u(-19).
1
Let f(t) = -t**3 - 28*t**2 - 125*t - 123. What is f(-23)?
107
Let h(x) = -181*x + 131. Calculate h(2).
-231
Let b(c) = c**2 - 25*c - 615. Determine b(-15).
-15
Let o(m) = -2*m**3 - m**2 - 8*m + 131. What is o(-5)?
396